 digit of v/(-15)*(-15)/6?
2
Let f(p) = -p**2 + 13*p + 1. What is the units digit of f(8)?
1
Let g(b) = -2*b**3 - 5*b**2 + b - 4. Let o be g(-4). Suppose 4*y = -4 + o. What is the units digit of y?
9
Let j(b) = -b**3 + 3*b**2 - 2*b + 3. Let k be j(2). Let g be 5*-26*k/(-6). Suppose 6*m = m + g. What is the units digit of m?
3
Let z(r) = -r**2 + 7*r + 7. Let g(o) = o**3 - 7*o**2 - 6*o - 10. Let j be g(8). What is the units digit of z(j)?
3
Suppose -108 = -4*b - 4*n, -2*n + 5*n - 52 = -2*b. What is the tens digit of b?
2
Let b = -15 + 21. Let t = b + -4. Suppose t*w + 5*d = 22, 0*d + 20 = 4*w - 2*d. What is the units digit of w?
6
Suppose 0 = -5*i - 3*m + 634, -3*i + 223 = -m - 149. What is the units digit of i?
5
Suppose -4*v = 53 + 7. Let k be -5*((-27)/v)/3. What is the tens digit of k + 17 - (-3)/(-3)?
1
Suppose 4 = 4*j - 0. Suppose -d = -15 + j. What is the units digit of d?
4
Suppose 65 = 5*c - 5*s, -c - s + 3 = -8. Let t = c + -7. Suppose -h - b + t = 0, 3*b + 1 - 2 = -h. What is the units digit of h?
7
Let d = -9 - -15. Let h = d - 1. What is the units digit of h?
5
Let q(o) = -7*o**2 + 12*o - 3. Let c(s) = -11*s - 2 + 0 + 6*s**2 + 6. Let a(k) = 6*c(k) + 5*q(k). What is the units digit of a(6)?
9
Let a = 0 + 39. What is the units digit of a?
9
Let h = -168 - -371. What is the units digit of h?
3
Let p = -4 + 4. Let a = 36 - p. What is the units digit of a?
6
Let f = 155 + -127. What is the tens digit of f?
2
Let x be 52/44 - 2/11. Let j(a) = 13*a**3 + a**2 - a. What is the units digit of j(x)?
3
Let l(i) = i**2 - 11*i - 40. What is the units digit of l(15)?
0
Let h be 12/18*(-9)/(-2). What is the units digit of 399/12 + h/(-12)?
3
Suppose -5*b + 278 = n, -3*n + 284 = 7*b - 2*b. What is the units digit of b?
5
Let i(q) = -q**2 + 3*q. Suppose 0*r + 2*r + 18 = 0. Let h(p) = 4*p**2 - 13*p. Let v(l) = r*i(l) - 2*h(l). What is the units digit of v(2)?
2
Let t = 4 - 3. What is the units digit of 290/40 - t/4?
7
Let s(q) = q + 12. Let g be s(-7). Suppose -g*w + 4 = -11. What is the units digit of (-1)/((-7)/w + 2)?
3
Let g = -11 - -8. Let w(y) = -13*y - 6. What is the units digit of w(g)?
3
What is the hundreds digit of (-3 + -3 - 0)*(-335)/10?
2
Suppose 0 = g + 3*i - 25, -2*g - 4*i = -56. Let a = -54 + g. What is the units digit of (-5)/a - 62/(-8)?
8
Let j(o) = 32*o**3 + 2*o - 1. Let n be j(1). Suppose 3*y - 25 = 4*k - 0*k, -4*y + 5*k + n = 0. What is the units digit of y?
7
Suppose 2*x - 222 - 14 = 0. What is the units digit of x?
8
Suppose -3*o + 4*o = 23. Suppose 13 = -b + 3*j + 52, 5*j - o = -b. What is the tens digit of b?
3
Let s = -171 + 283. What is the units digit of s?
2
Let z = -100 + 152. What is the units digit of z?
2
Let u = 772 + -503. What is the units digit of u?
9
Let h(o) = -o**3 + 9*o**2 - 9*o + 12. Let v be h(8). Suppose -5 + 3 = 5*r + 3*b, r - v*b = 18. What is the units digit of r?
2
Suppose -4*v - 2*t = -v - 912, -3*t = -3*v + 897. What is the hundreds digit of v?
3
Let l(b) = 3*b - 4. Let q = -1 + 6. What is the tens digit of l(q)?
1
Suppose -2*v - 3 - 9 = -2*x, -3*x = 5*v - 26. What is the units digit of x?
7
Suppose -4*y + 0 = 24. What is the tens digit of ((-38)/y)/((-2)/(-6))?
1
Suppose 13*r - 5*r = 1304. What is the units digit of r?
3
Let c = -38 + 77. Suppose 2*k - 4*k - o = -26, -4*o = 3*k - c. What is the units digit of k?
3
Suppose 5*t + 2 = n, 4*t = 2*n - 10 - 0. Let f(g) = g + 2. What is the units digit of f(n)?
9
What is the tens digit of (15/(-4))/(9/(-168)) + -1?
6
What is the hundreds digit of (4 - -3)*(-702)/(-21)?
2
Suppose 0 = 4*f + 2*d - 40, -2*d - 30 = -2*f - f. What is the units digit of 4*f + -3 + 6?
3
Let n(a) = -a**2 + 22*a - 17. What is the units digit of n(21)?
4
Let n be -7*(3 + (1 - 3)). What is the units digit of (0 - -15) + (n - -4)?
2
Let h = 5 + 0. Suppose 5*b + 2*c = 1, -14 = -5*b + 4*b - h*c. What is the tens digit of b/5 - (-198)/15?
1
Let n = 295 - 190. What is the hundreds digit of n?
1
What is the tens digit of (0 - 2) + (-5)/(10/(-418))?
0
Let n(m) = -46*m**3 - m**2 + 1. Let j be n(-1). Let u = j + -22. What is the units digit of u?
4
Suppose -p + 3 = -0. Suppose 123 + 6 = p*s. What is the units digit of s?
3
Let u(w) = 3*w**2 - 5*w - 6. Let s be u(6). Suppose -s = -3*l - j, 0*l - 3*l + 60 = 5*j. What is the tens digit of l?
2
Let f(c) = -9*c**3 + c + 1. What is the hundreds digit of f(-3)?
2
Let f = -37 - -63. What is the units digit of f?
6
Suppose 0*m = -5*m + 100. Let z = m + -14. What is the units digit of z?
6
Suppose 3*x = 75 - 3. Let i = 40 - x. What is the tens digit of i?
1
Suppose 0 = -3*w - 2*r - r + 333, -2*w + 252 = -4*r. What is the hundreds digit of w?
1
Suppose 4*v = l - 20, 5*v - 79 = -l - l. What is the tens digit of l?
3
Suppose -2*x + 154 = -3*g, x = -0*x - g + 72. What is the units digit of x?
4
Suppose 10*d - 563 - 1487 = 0. What is the hundreds digit of d?
2
Let f = -276 + 531. Suppose -4*d + f = 67. What is the units digit of d?
7
What is the tens digit of (5/10)/((-4)/(-384))?
4
Let k = 93 + -61. What is the tens digit of (-8)/k - 122/(-8)?
1
Let w(i) = -1 + 0*i**3 - 6*i**2 + i**3 - 7*i - 2. Let y be w(7). What is the units digit of y/3*(1 + -2)?
1
Let f = 493 - 157. What is the units digit of f?
6
Let l = -95 + 179. What is the units digit of l?
4
Let k = 65 + 4. What is the units digit of k?
9
Suppose -5*p - 9 = 16. Let f(x) be the third derivative of -x**4/12 - x**3 - x**2. What is the units digit of f(p)?
4
Let q = 23 + 22. Suppose 0 = 2*v + 3*v - q. What is the units digit of v?
9
Suppose 2*k - 185 = -53. What is the units digit of k?
6
Let n = 0 - 1. What is the units digit of n - 2 - (0 + -9)?
6
Suppose 3*n - k = -6, -18 = 3*n + 5*k - 10*k. What is the units digit of 4 + n + 0/(-3)?
3
Suppose -33 - 167 = -5*m. What is the units digit of m?
0
Suppose -2*w + 6 = -q + 3*q, 5*w - 15 = -2*q. What is the tens digit of (w/(-2))/((-36)/312)?
1
Let s = 11 - 9. Suppose -s*m + 49 = 11. What is the units digit of m?
9
What is the units digit of 224 - (-9 - -1)/(-2)?
0
Suppose 5*p + 3*n + 2*n = -30, 0 = 5*p + n + 30. Let q = -3 - p. Suppose -q = 3*x - 6. What is the units digit of x?
1
Suppose o + 2 = -a - 3*a, -5*o + 4*a + 14 = 0. Suppose 3*f - 5*f = -3*h + 67, -5*h + o*f + 117 = 0. What is the units digit of h/3 + 1/(-3)?
8
Let c(b) = 2*b**3 + 9 - 3*b**3 + 2*b - 4 - 3*b**2 + 0*b**2. What is the units digit of c(-4)?
3
Suppose 3*g - 116 = -29. What is the tens digit of g?
2
Suppose -4*o - 30 = -2*o. Let c = o - 3. Let j = -7 - c. What is the tens digit of j?
1
Let q(h) = 11*h**2 + 2*h. What is the tens digit of q(-2)?
4
Let v = 12 - 43. Let c = -22 - v. Suppose 2*p = b + c, -b - 2*b - 2 = -p. What is the units digit of p?
5
Let s(c) = -2*c - 12. What is the units digit of s(-8)?
4
Suppose -3*y - 72 = -4*v, -4*v = -0*y + 5*y - 40. What is the tens digit of (v/4)/(7/28)?
1
What is the tens digit of 62/2 - (8 + -11)?
3
Let b(w) = w**2 - 10*w - 9. Let h be b(11). Suppose -v = -8 + h. What is the units digit of v?
6
Let r(q) be the second derivative of q**4/12 - q**3/2 - q**2/2 - q. Let x be r(4). Suppose x*o = 2*o + 5. What is the units digit of o?
5
Let d(p) = -p**3 - 6*p**2 - 6*p - 2. Let u be d(-4). Let q(m) = m + 12. Let c be q(u). Suppose c*r - 56 = -2*r. What is the tens digit of r?
1
Suppose -2*z = -3*z + 5. Suppose -b = z*l - 10, 6 = -3*l + 4*b + 35. What is the units digit of l?
3
Let x(u) = 9*u + 1. Let m be x(-1). Let r = m + 38. What is the tens digit of r?
3
Suppose -167 = -2*o - 3*o - 3*h, -2*o + 54 = -2*h. What is the tens digit of o?
3
Let o(d) = 2*d - 10. Let c be o(7). Let q = -2 + 12. Suppose -c*s = q - 46. What is the units digit of s?
9
Let i be (-4)/(2 - 0) + -1. What is the units digit of 1*-6*4/i?
8
Suppose n + 5*j - 24 = 0, -n + 0*n + 4 = -5*j. What is the tens digit of (-3 - 0/(-2)) + n?
1
Suppose 0*p - 2*p + 6 = 0. Suppose 2*x + p*v = 30, 5*x = 4*v + 57 + 18. What is the tens digit of x?
1
Let v(z) = -z**3 + 2*z**2 + 2*z - 2. Suppose k = -0 - 2. Let i be k/10 - 44/(-20). What is the units digit of v(i)?
2
Suppose 21 + 21 = 5*b + 4*j, -36 = -4*b - 4*j. Suppose -a = -b*a - 3*u + 110, 5*u - 44 = -2*a. Suppose a = n + n. What is the tens digit of n?
1
Let h = -26 + 54. What is the units digit of h?
8
What is the tens digit of -2 - -30